2)/(-3) + -1 + (-1184)/c?
7
Suppose -a + 0*a = 2*q - 367, -3*a + q = -1087. Suppose b - a = -10*l + 6*l, 1557 = 4*b - 5*l. List the prime factors of b.
383
Let g(x) = x**3 - 7*x**2 + 19*x - 19. Let v = -32 - -40. What are the prime factors of g(v)?
197
Suppose 0 = 3*o - 4*u - 4, -5*o - 3*u + 4 = -7*u. Suppose q = -3*z - o*q + 2315, -3*q = -3*z + 2295. What are the prime factors of z?
2, 5, 7, 11
Let p = -138 - -174. Suppose p*t - 11*t - 11000 = 0. What are the prime factors of t?
2, 5, 11
Let m(i) be the first derivative of 109*i**2/2 - 107*i - 120. List the prime factors of m(15).
2, 191
Let y = 5593 - 2654. List the prime factors of y.
2939
Let p(q) = 59*q + 6. Let d be p(-4). Let j be -2*(0 - (-417)/6). Let f = j - d. List the prime factors of f.
7, 13
Let c be (7 + -8)/(3/3183*-1). Let f = -533 + c. What are the prime factors of f?
2, 3, 11
Suppose 0 = -0*r + 5*r - 10. Let p be 1 + 0 - (r - 5 - -1). Suppose p*f - 14 + 5 = 0. What are the prime factors of f?
3
Suppose 2*s - 2*w = -7*w + 7794, -3*s + 5*w + 11691 = 0. Suppose 7*x - 7912 = s. What are the prime factors of x?
7, 241
Let j(c) = -8 + 42 - 16 + 82*c - 2*c**2. What are the prime factors of j(13)?
2, 373
Suppose 3187 = -12*t - 3725. Let w = -86 - t. List the prime factors of w.
2, 5, 7
Let c(s) = 8*s**2 - 190*s + 75. List the prime factors of c(36).
3, 1201
Let q(r) = r**3 - 12*r**2 - 14*r + 17. Let c be q(13). Suppose f = c*y + 1391, -17*f + 20*f - 3*y - 4182 = 0. List the prime factors of f.
3, 5, 31
Let t = 0 - 0. Let d(z) = 10*z - 426. Let p be d(43). Suppose p*w - 2*n = 3*n + 639, -3*w + n + 471 = t. List the prime factors of w.
2, 3, 13
Let q be (-3)/(6/12*2). List the prime factors of (-7 - q) + -1 + 260.
3, 5, 17
Let z(h) = 14*h + 34. Let v(j) = 4*j + 54. Let s be v(-11). Let o be z(s). Let n = o - 124. What are the prime factors of n?
2, 5
Suppose 0 = -n - 3*z + 1638, 0 = -n + 4*n + 3*z - 4896. Suppose -4*u - l = -2172, l - n = -3*u - 2*l. Let m = -382 + u. What are the prime factors of m?
7, 23
Let z = 36209 + -15491. List the prime factors of z.
2, 3, 1151
Let d = 28620 + -10902. What are the prime factors of d?
2, 3, 2953
Suppose 0 = 20*y - 38*y - 6066. What are the prime factors of 16 + -4 + -5 - y?
2, 43
Let k(d) = 2257*d - 716. What are the prime factors of k(9)?
19597
Let x(w) = -462*w + 3450. What are the prime factors of x(-19)?
2, 3, 1019
Suppose -123 = -p - 3*l + 157, -2*p = 4*l - 566. Let r = 805 - p. List the prime factors of r.
2, 3, 43
List the prime factors of 32/304 - (-346746)/38.
5, 73
Let y(a) = a**3 - 46*a**2 + 91*a + 8. Let i be y(44). Let v = i + 440. What are the prime factors of v?
2, 5, 29
Suppose -u - 1120 = 52*x - 54*x, 2*x + 5*u = 1120. List the prime factors of x.
2, 5, 7
Suppose -18 = -3*r + 3. Suppose 0 = 9*c - r*c - 8. Suppose -2*h + 3*z - 86 + 249 = 0, c*h + z - 361 = 0. What are the prime factors of h?
89
Suppose 33*i - 256835 = -5*i + 329011. List the prime factors of i.
3, 571
Let c be 0 - (1 + -3 + 2). Let l be (c + 1)*2 - (-803 + -8). Suppose -4*i = 2*h - 412, -4*h + l = -2*i - i. List the prime factors of h.
2, 3, 17
Suppose -41071 + 2988 + 344182 = 27*f. What are the prime factors of f?
3, 3779
Suppose 106950 + 94279 = 11*l + 25680. What are the prime factors of l?
15959
Suppose 1604444 - 828658 = 90*o - 972194. List the prime factors of o.
2, 3, 13, 83
Suppose -3*u - 210464 = -14*u + 200342. What are the prime factors of u?
2, 71, 263
Suppose 0 = 18*h + 21*h + 39. Let o(m) = -531*m - 13. What are the prime factors of o(h)?
2, 7, 37
List the prime factors of (-188010)/(-12)*16/12.
2, 5, 2089
Suppose -2*m + 12843 = -5*n, 4*n = 149*m - 150*m + 6428. What are the prime factors of m?
2, 11, 73
Let s = -1249 - -3757. List the prime factors of s.
2, 3, 11, 19
Suppose 0 = -2*m + 112 - 62. List the prime factors of 4750/m*(14/10 + -1).
2, 19
Suppose 3*y + 71244 + 7869 = 5*x, 0 = -3*x - 6*y + 47460. What are the prime factors of x?
2, 3, 293
Let c be (-33628)/(-6) - ((-1)/3 - -1). Let j = -1131 - c. What are the prime factors of 1/(-7) + j/(-105)?
2
Let m = 43869 + -26765. What are the prime factors of m?
2, 1069
What are the prime factors of 1888730*18/630 + (-2)/(-7)?
2, 3, 1499
Let t be (-1 + -29087)/(-2)*392/588. Suppose 17*k - t = 2153. What are the prime factors of k?
17, 41
Suppose 166*m = 44*m + 1469758 + 1671986. What are the prime factors of m?
2, 3, 29, 37
Suppose -b - 2 = 0, 0 = -u + 5*b + 5 + 10. List the prime factors of (6/4)/(u/2330).
3, 233
Suppose -43*u + 39*u = -3*a - 23652, -u + a + 5913 = 0. What are the prime factors of u?
3, 73
Let q be (-5168)/(-3) - (-40)/(-60). Suppose 111*i - q = 109*i. List the prime factors of i.
3, 7, 41
Suppose 2777*h - 53889 = 2766*h. List the prime factors of h.
3, 23, 71
Suppose -714 = -0*f - 2*f. Let l be ((-1)/(3 + 1/(-1)))/((-640)/647680). Let a = l - f. List the prime factors of a.
149
Let i be 58*4/(6 - -2). Suppose -2*r + i = 5*p, -p + r - 3 = -6. Suppose -t = -4*l - 59, -p*t = -3*t + 5*l - 92. What are the prime factors of t?
3, 17
Suppose 14*h + 33916 = 174210. List the prime factors of h.
11, 911
Suppose -4*g - 52*n + 109706 = -49*n, -g + n = -27416. List the prime factors of g.
2, 13711
Let b(q) = 4*q**2 - q + 2. Let c = -45 + 53. Suppose 0 = -l - d, 0 = -l - 3*d - c + 2. What are the prime factors of b(l)?
5, 7
Let n = -84 + 62. Let q be (n/55)/((-2)/(-5)). List the prime factors of (4 + (4 - 40))/(q/2).
2
Let u = -74 + 98. Suppose 3*j + 5*k - 2 = u, 5*j + 4*k - 39 = 0. Let c(h) = -h**3 + 7*h**2 + 10*h - 28. What are the prime factors of c(j)?
2, 3, 7
Suppose -3*y - 59 = 4*r, 4*y + 4*r + 101 = -y. Suppose -i + 5*i + 3*t - 15 = 0, -5*i + 16 = t. What are the prime factors of (-2712)/(-28) - i/y?
97
Let y be (0/2)/(-1 - -3). Suppose 5*r - 87 = t, 0*t - 3*t + 9 = y. Let i = r + 49. List the prime factors of i.
67
Let u(r) = 19*r - 10. Let t be 4 - 1 - (-7 - (-42)/6). List the prime factors of u(t).
47
Let j = -373 + 375. Suppose 2*n + i = 1469, -3*n + 4*i + 721 = -j*n. List the prime factors of n.
733
Let y = -28 - -29. Let z be (y + (-82)/(-6))/((-1)/9). Let f = -13 - z. What are the prime factors of f?
7, 17
Suppose 0 = 3*i - 39 + 24. Suppose -h = -x - 75 + 426, -2*h = i*x - 1741. What are the prime factors of x?
349
Suppose 7*k = -0*k + 1078. Let b = -91 + k. Suppose -b = -g - 19. List the prime factors of g.
2, 11
What are the prime factors of 55356/(8 - -9 - 15)?
2, 3, 7, 659
What are the prime factors of 174/(-1131) + 63002/26?
2423
Let h = -236 - 70. List the prime factors of 136/h - 4369/(-9).
5, 97
Let i(x) = x**3 - 22*x**2 + 37*x - 15. Let n be i(20). Let s = -64 - n. Suppose -2*m = -2, -68 - s = -c + 5*m. List the prime factors of c.
2, 3, 7
Let k(q) = 492*q**2 - 2*q - 3. Suppose 0 = 2*o - 4*a - 37 + 47, 5*a - 6 = -4*o. What are the prime factors of k(o)?
491
Let q = 3 - -1. Suppose q*p + 0*v - 664 = -2*v, v - 496 = -3*p. Suppose 2*n = 3*d + p, -d - 338 = -4*n - 0*d. What are the prime factors of n?
5, 17
Let w(f) = 54*f**2 - 14*f + 231. List the prime factors of w(-12).
3, 5, 109
Let n(i) = i**2 + 15*i + 2. Let k(h) = 2*h - 8. Let v be k(19). Suppose 50 = -5*g - v. What are the prime factors of n(g)?
2, 3
Suppose -18*w + 144215 + 148033 = 0. List the prime factors of w.
2, 3, 11, 41
Let t(f) = -f**3 + 3*f**2 - f + 1. Let l be t(2). Suppose -l*n = r - 0*r - 497, 0 = -4*n - 4*r + 652. What are the prime factors of n?
167
Let u = 421 + 3185. What are the prime factors of u?
2, 3, 601
Let o(j) = j**2 + j + 30. Let v be o(4). Suppose 2*t + 5*s - 509 = -v, -5*t - 4*s = -1122. What are the prime factors of t?
2, 3, 37
Let b(y) be the third derivative of -y**6/120 + 11*y**5/30 + 3*y**4/4 - 37*y**3/6 + 36*y**2. What are the prime factors of b(22)?
359
Suppose 0 = 2605*j - 2602*j - 27998 - 4528. What are the prime factors of j?
2, 3, 13, 139
Suppose -159*v + 13931996 = 67*v. List the prime factors of v.
2, 13, 2371
Let i be 35/((14/6)/7). Let j = 36 + i. What are the prime factors of j?
3, 47
Let c(z) = -27*z**3 + 4*z**2 + 11*z + 185. List the prime factors of c(-7).
5, 1913
Suppose 2*w - 5 = -2*c + 5, 0 = -4*c - 8. List the prime factors of 821/w + 6/(-21).
3, 13
Suppose 10*b + 15 - 25 = 0. What are the prime factors of -25 + 642 - b/1?
2, 7, 11
Suppose 20*p + 3*q + 54831 = 21